.
26
Suppose 10 = -r + 6*r. What is the greatest common factor of 48 and r?
2
Suppose b - 3*c = 8 + 27, 4*b = -5*c + 55. What is the highest common factor of 3020 and b?
20
Let z be 7/((-28)/(-12)) + 14 + -1. What is the highest common factor of z and 6?
2
Let g = -110 - -188. Let v = g + -62. What is the highest common factor of v and 24?
8
Let o(z) = 24*z + 56. Let c be o(-7). Let y = c - -124. What is the highest common divisor of 16 and y?
4
Let f(t) = t**3 + 11*t**2 + 8*t - 10. Let p = 42 - 52. Let n be f(p). Calculate the highest common factor of 110 and n.
10
Let t = 18 + -15. Suppose 36 = t*b - 5*q - 108, 4*q = -b + 48. Calculate the highest common divisor of b and 120.
24
Let q = 1125 + -547. Calculate the highest common divisor of q and 34.
34
Let l(q) = q + 18. Let g be l(-8). Calculate the greatest common factor of g and 10.
10
Suppose 0 = 3*z - i - 261 - 51, -2*z + 3*i + 208 = 0. Calculate the greatest common factor of 39 and z.
13
Suppose 9*w = 21*w - 6144. Calculate the highest common factor of 80 and w.
16
Let d(t) = t**2 - 9*t + 1. Let m be d(11). Calculate the greatest common factor of m and 529.
23
Let d(s) be the first derivative of s**3 + 1. Let a be d(-1). Suppose -2*f = -f + a*u + 4, 4*f - 5 = -5*u. Calculate the greatest common factor of 40 and f.
5
Suppose -20*d + 18*d - 16 = -u, -68 = -3*u - 4*d. What is the greatest common factor of 170 and u?
10
Let a(i) = 28*i**2 - 27*i**2 + 3*i - 5*i - 27 + 3*i. Let d be a(5). Calculate the highest common divisor of d and 15.
3
Let u(s) = -2*s**3 - 14*s**2 + 12*s + 4. Let j be u(-11). Suppose -4*q + j = q. Calculate the greatest common factor of 21 and q.
21
Suppose 0 = o + 4*o + 10. Let d be 8/16 - 59/o. Let t = -18 - -30. What is the greatest common factor of t and d?
6
Let k(b) = -17*b + 99. Let d be k(-5). What is the highest common factor of 23 and d?
23
Let m(k) = k**3 + 5*k**2 - 7*k + 2. Let c be m(-6). Let b = c + -2. Let x = -5 - -17. What is the greatest common factor of b and x?
6
Suppose -5*r - n + 445 = 0, -r + 36 = n - 49. What is the greatest common factor of 165 and r?
15
Let w(t) = -t + 36. Suppose -5*c + 70 = -2*s, 0 = 2*c - s - 2*s - 39. Let a be w(c). Calculate the greatest common factor of 16 and a.
8
Let h = 673 - 475. What is the highest common factor of 22 and h?
22
Let a(o) = o**3 - 13*o**2 + 10*o + 6. Let n be a(12). Let x be ((-27)/n)/((-3)/(-52)). Let s = -244 - -374. What is the highest common factor of s and x?
26
Suppose 4*a = 6*a + 2*z - 1996, 1008 = a - 4*z. What is the greatest common factor of a and 120?
40
Let h = -77 + 173. Calculate the highest common divisor of 240 and h.
48
Let x(p) = -110*p - 46. Let r be x(-1). What is the highest common divisor of 576 and r?
64
Let u(w) = 9*w - 25. Let k(x) = -5*x + 13. Let o(b) = -7*k(b) - 4*u(b). Let r be o(5). What is the greatest common divisor of r and 36?
4
Suppose 6*p = 10*p + 312. Let f be -3*(p/5)/(7/35). Suppose 0 = 3*v - 4*v + 26. Calculate the highest common factor of f and v.
26
Suppose y = -3 - 5. Let l = 17 + y. Calculate the greatest common divisor of 27 and l.
9
Let g = 61 + -51. Suppose -g = -2*q + 14. Let d = -5 - -8. What is the highest common factor of q and d?
3
Let u be (-2)/(0 - 6/45*3). Let q be (-140)/(-21)*24/u. Calculate the highest common factor of 48 and q.
16
Let c be 105/4 + (-7)/28. Let b(q) = q**3 - 5*q**2 - 4*q - 28. Let z be b(9). What is the highest common factor of c and z?
26
Suppose 569 = 11*x + 272. Let l be 195/21 + (-2)/7. Calculate the greatest common divisor of x and l.
9
Let n be (-3)/12*33 - (-15)/60. Let t be 7 + 10/n + 18/72. What is the greatest common factor of 42 and t?
6
Suppose 2*w - 134 = 2*b, 7 = 2*b + 1. Calculate the greatest common factor of w and 130.
10
Let q = 1 + -5. Let o be (q/(-10))/(1/5). Suppose -g - 72 = -o*g. What is the highest common divisor of g and 24?
24
Let c(a) = 5*a**2 + 2*a - 4. Let n be c(-3). Suppose 0 = 2*s - 35 + 7. Calculate the highest common divisor of n and s.
7
Let n be (-66)/(-6)*(-7 - -123). Calculate the highest common divisor of n and 66.
22
Let v(s) = s**2 - 7*s - 4. Let f be v(8). Let i(d) = 19*d**2 + 9*d - 16. Let z be i(f). Calculate the highest common divisor of 36 and z.
36
Suppose 2*l - 11 = -4*q + 27, -13 = -4*q + 3*l. Calculate the greatest common divisor of 4 and q.
1
Let p be 1211/49 - 5 - (-2)/7. Suppose -9*c + p = -8*c. What is the highest common factor of c and 5?
5
Suppose 57 = 8*c - 4407. Calculate the highest common factor of 62 and c.
62
Suppose 0 = -5*f + f + 224. Calculate the highest common divisor of 448 and f.
56
Let o be 822/14 - 10/(-35). Let b = 83 - o. Suppose 0 = g - 6*g + 40. What is the greatest common factor of g and b?
8
Suppose -2*l - 4 = -8. Suppose -8 = -2*p - 2. Calculate the greatest common divisor of l and p.
1
Let y be (9/21)/(2/14). Suppose 0*w = -y*w + 99. What is the highest common factor of w and 22?
11
Let l(p) = -38 - 4*p + 3*p + 18 + 24. Let u be l(2). What is the greatest common divisor of u and 3?
1
Let o = -99 - -52. Let b be o/(-1) - 2*1. Let u be (-750)/875 - 216/(-7). Calculate the highest common divisor of b and u.
15
Suppose -2*h + 24 = -h. Let u(y) = y**2 - 6*y + 3. Let g be u(6). Suppose l = -g*l + 48. Calculate the greatest common divisor of l and h.
12
Let c(m) = 4 - 5*m + 18 - m + 3*m. Let s be c(-11). Suppose 0 = 2*t - 36 - 8. What is the highest common factor of s and t?
11
Let f(u) = -u + 18. Let l be f(8). Let v be (-9)/(9/l)*(-1)/1. What is the greatest common factor of v and 2?
2
Let x(y) = -4*y**2 + 542*y**3 - 9 - 7*y + 3*y - 543*y**3 - 2*y**2. Let r be x(-6). What is the highest common factor of r and 105?
15
Let q(i) = i + 3. Suppose -x = 3*a + a - 55, -2*x - 33 = -3*a. Let z be q(a). What is the greatest common factor of z and 176?
16
Suppose -t - 4*h = -4*t + 1420, 1900 = 4*t - 4*h. Suppose -13*b + t = -7*b. What is the greatest common divisor of 20 and b?
20
Let x = 5 - 3. Suppose -v - 4*v = -5*i - 15, 4*i + x = 2*v. Suppose -m + 3*r = 2*m - 63, -2*m - v*r + 77 = 0. Calculate the greatest common factor of 52 and m.
26
Suppose 490*w = 502*w - 408. Calculate the greatest common factor of w and 1598.
34
Let b(k) = 18*k + 6. Let c be b(2). Suppose -4*n = -n - c. What is the greatest common divisor of 154 and n?
14
Let u be 9/(4/(-16) + 1). Let d = u + -8. Suppose 2*c = 4*s, 0 = -d*c - 3*s + 14 + 30. Calculate the highest common factor of c and 12.
4
Suppose 36*w - 2622 = 30*w. What is the highest common divisor of w and 46?
23
Let z = -22 - -67. Suppose 66 - 246 = -4*q. What is the highest common factor of z and q?
45
Let w be (36/8)/((-8)/(-48)). What is the highest common divisor of w and 207?
9
Suppose 0 = -4*z - 3*x + 83, -3*x - 101 = 3*z - 7*z. Suppose -8*f + 38*f - 3450 = 0. What is the greatest common factor of z and f?
23
Suppose 3*k = 15*b - 19*b + 173, -k = 5*b - 65. What is the greatest common factor of k and 396?
11
Let p = -91 - 0. Let z = 119 + p. Calculate the greatest common divisor of 98 and z.
14
Let u be (-6)/(-4)*(-1 - 164/(-12)). What is the highest common factor of u and 304?
19
Let v be (-2)/3 - (-11430)/54. Suppose -v = -5*s - 76. Let d be (-4)/3*27/(-12). What is the greatest common factor of d and s?
3
Let z(b) be the third derivative of 1/30*b**5 - 1/2*b**3 - 1/8*b**4 + 0 + 0*b + 8*b**2. Let i be z(-3). Calculate the greatest common factor of i and 16.
8
Let p = 1291 + -1081. Calculate the highest common divisor of p and 945.
105
Let b = 65 + -29. Suppose b = 3*m + c, -4*m + 44 = -c - 11. Let j = 4898 - 4885. Calculate the highest common factor of j and m.
13
Let l = -28 - -32. Suppose -2*m + 5*p = -16, -l*m - p + 8 = -3*m. Calculate the greatest common divisor of m and 128.
8
Suppose -4*z = -0*z - 2*z. Suppose 0 = 5*q + 20, 4*k + z*k - 300 = -2*q. What is the greatest common divisor of k and 7?
7
Let k = -383 + 390. What is the highest common divisor of k and 2?
1
Suppose 4*s - 5*l = 33, -l - 11 = -3*s - 0*l. Let q(a) = -2 + 4*a**2 + a - a**3 - s + 2*a**2. Let t be q(6). Calculate the highest common divisor of 1 and t.
1
Let g be 14 + -7 + -1 + 4. Let u be (-575)/(-10) - g/(-4). Calculate the highest common divisor of u and 12.
12
Let x be (-2)/7 + (6 - 324/42). Let m be 45/10*((-6)/x + -1). Suppose 2*p = -2*k + 154,